*u - 65 = -5*r + 26, 3*u + 2*r = -74. Let m = 151 - u. Let d = m + -101. What is the units digit of d?
4
Suppose 128411 + 80754 = 11*k. What is the ten thousands digit of k?
1
Suppose 2*x = -0*x - 5*g + 11, 0 = -4*x + 4*g + 92. Let m(w) = -w**3 + 20*w**2 + 7*w - 9. What is the hundreds digit of m(x)?
7
Let a(d) = -529*d**2 + d - 6. Let o be a(5). Let k be o/14 - (-4)/(-14). What is the tens digit of 4 + k/(-49) + 2/(-7)?
2
Let w = -13 + 12. Let b be (-1)/w*0/2. Suppose -p + b*j + 48 = -4*j, 3*p + 3*j - 114 = 0. What is the tens digit of p?
4
Let f = 230 + -228. Suppose 284 = f*d - 242. What is the units digit of d?
3
Let t(n) = 8*n**3 - 276*n**2 + 1868*n + 16. What is the tens digit of t(7)?
1
Suppose 2*a - 23084 = -2*p, 4*a - 89*p + 87*p = 46126. What is the tens digit of a?
3
Let z(n) = 9*n**2 + 19*n + 19. Let a be z(-1). Suppose 270 = o + 4*k, -8*k = -o - a*k + 276. What is the tens digit of o?
7
Let q = -1619 - -6279. What is the tens digit of q?
6
Let f be (-1 + 40)*(-136)/(-24). Suppose -9*g + 1292 = f. Suppose g = 6*x - 955. What is the hundreds digit of x?
1
Let u = -611 - -612. Let p be (9/12)/(2/(-8)). What is the hundreds digit of u/p + (-2317)/(-21) + 2?
1
Let j be (-17)/(12 - -73)*-10. Let h(t) = -2*t**2 + 8*t**3 + 3*t + 0*t - 4 + t. What is the units digit of h(j)?
0
Let r(s) = 3986*s**2 + 160*s - 161. What is the units digit of r(1)?
5
Suppose 0 = -140*a + 146*a - 56232. What is the hundreds digit of a/16 - (-1 + 12/16)?
5
Let i(q) = -114*q - 63. Let r = 226 - 229. What is the tens digit of i(r)?
7
Let o(r) = 6288*r - 6576. What is the hundreds digit of o(6)?
1
Suppose 12*d + 13*d = -125583 + 529758. What is the thousands digit of d?
6
Let i = -110 + 19. Let b = i + 91. Suppose b*s = -4*s + 572. What is the tens digit of s?
4
Suppose -4*b + 9 - 10 = 5*w, -4*w = 4. Suppose -4*k + 42 = 2. Let x = b + k. What is the units digit of x?
1
Suppose 0 = -5*t + 448 + 277. Let o be 19/76 - t/4. What is the tens digit of (-284)/(-6)*o/(-24)?
7
Let q = -26 + 376. Let r = q - 135. What is the tens digit of r?
1
Suppose 2*v + 3*g = 23661, -21*v + 16*v - 4*g = -59142. What is the units digit of v?
6
Let p be 252/(-105)*(-370)/(-4). Let c = 191 - p. What is the hundreds digit of c?
4
Suppose 3*b + 0*b = -5*k + 969, -2*b + 646 = -4*k. Let o = b + 7. What is the units digit of o?
0
Let w(u) = -38968*u**3 + 12*u**2 + 9*u - 3. What is the units digit of w(-1)?
8
Let g = 187 + -180. Let u(d) = -d**2 + 24*d - 61. What is the units digit of u(g)?
8
Suppose -1734096 = 32*b - 71*b. What is the units digit of b?
4
Suppose 2*d - 5*k = 5, k = d - 5 - 2. Suppose -60 = -d*s + 50. Let m(v) = 2*v - 18. What is the units digit of m(s)?
4
Let k = 160726 + -109299. What is the hundreds digit of k?
4
Let m(y) be the second derivative of y**5/60 + y**4/12 + y**3/2 - 15*y**2/2 + 18*y. Let n(x) be the first derivative of m(x). What is the units digit of n(-3)?
6
Let w = 102 + -16. Let t = 89 - w. Suppose -t*r = -4*r - 1, 0 = -5*u + 3*r + 68. What is the units digit of u?
3
Suppose -a + 3051 = -5*g, -g - 623 = a + 2*a. Let o = g + 1025. What is the units digit of o?
4
Suppose 564872 = 151*l - 53*l. What is the thousands digit of l?
5
Let x be 5/(-10)*8 + 7. Suppose y = x*w - 1020, -3*y + 631 + 729 = 4*w. What is the units digit of w?
0
Suppose -25132*v + 25108*v + 594408 = 0. What is the ten thousands digit of v?
2
Let z(g) = 51*g**2 - 96*g + 78. What is the hundreds digit of z(-17)?
4
Suppose 0 = -4*j - 4*d + 8, -5*j - 3*d = -6 - 0. Suppose i + 3*i - 16 = j. Suppose 5*h + i*p = 2*p + 162, -159 = -5*h + p. What is the tens digit of h?
3
Suppose 0*n + 10*n = -14053 + 50203. What is the hundreds digit of n?
6
Let p = -131 - -146. Let n(g) = 3*g**2 - 23*g + 34. What is the tens digit of n(p)?
6
Let u(b) = -46*b**2 - 2*b - 9. Let k be u(6). Let g be (k/(-13))/((-6)/(-10)). Let a = 367 - g. What is the hundreds digit of a?
1
Suppose -12 - 471 = -23*r. Let y(j) = -5*j + 2. Let h be y(-6). Suppose -r = -33*x + h*x. What is the tens digit of x?
2
Let r be (175/28)/((-3)/4 - -1). Suppose 16 = 21*j - r*j, 532 = w + 4*j. What is the hundreds digit of w?
5
Suppose -4*b - j = -7517, 0 = 2*b + 3*b - 3*j - 9409. Suppose 4*r - b + 532 = -4*w, -2*w = 3*r - 1013. What is the tens digit of r?
3
Suppose -80*p + 2*p = 95*p - 35465. What is the units digit of p?
5
Suppose 42 = -11*y + 152. What is the units digit of (0 + 1)/((y/(-40))/(-1))?
4
Suppose -4 - 124 = -4*v + 4*f, 76 = 3*v + f. Let a = -22 + v. Suppose 0 = 3*i + 5*l - 295, 3*i - a*l + 41 = 286. What is the units digit of i?
0
Let x(w) = 51*w**2 - 20*w - 149. What is the tens digit of x(-6)?
0
Let j be 5/4 - 630/(-72). Let f(h) = -h**2 + 13*h - 32. Let d be f(j). What is the units digit of ((-187)/(-22))/((-1)/d)?
7
Let b(h) = h**3 - 101*h**2 + 192*h - 88. What is the tens digit of b(103)?
0
Suppose 25288 = 3*a - 33021 + 5005. What is the hundreds digit of a?
7
Suppose -2549 = -4*h - 301. Suppose 16*s - 18*s = -h. What is the hundreds digit of s?
2
Suppose -4*p + 14590 = 6*p - 32200. What is the tens digit of p?
7
Suppose 4*j = -4*d + 98536, 4*j + 1404 = -5*d + 99948. What is the units digit of j?
6
Let o(z) = -z**2 + 12*z + 1. Suppose 0 = 2*m - 2*k + 7*k - 9, -k = -m + 15. Let w be o(m). What is the units digit of w - ((-28)/(-70) + (-844)/10)?
5
What is the thousands digit of ((-2)/(-7) - 32/(-84))/((-1)/(-41637))?
7
Let q be ((-138186)/(-26) - 3) + (-4)/(-26). Suppose 0*x = 8*x - q. Suppose -8*r = -4*r - x. What is the hundreds digit of r?
1
Suppose -l + y + 2*y = 0, 3*l - 13 = -4*y. Suppose 0 = -3*q - 248 + 1430. Suppose u = -5*j + 660, -3*j + 2*u + q = l*u. What is the units digit of j?
3
Suppose 827*l - 14 = 826*l. Suppose l*p + 23*p - 39516 = 0. What is the tens digit of p?
6
What is the ten thousands digit of -2*(2 + 70766)*(-418)/1672?
3
Let v = 8 - -9. Suppose k + o = -5, v = 2*k - 5*o - 8. Suppose -4*u + 8*u - 32 = k. What is the units digit of u?
8
Suppose 0 = 3*q - 3*l - 1014, -2*q - q + 984 = 3*l. Let f(x) = x**2 + 56*x + 1314. Let h be f(-27). Suppose q = 8*g - h. What is the tens digit of g?
0
Suppose -4*w - 2520 = -4*x, 2*w + 848 = -4*x - 442. What is the tens digit of (-5 + 7 + -3)*w?
3
Let r = 24 - -33. What is the hundreds digit of 2*1 + 6726/r?
1
What is the thousands digit of (6/1)/((-122)/(-109983))?
5
Let z = 9847 + -4348. What is the tens digit of z?
9
Suppose -13*z + 74761 = -10*z - 5*y, -3*z + 74817 = 3*y. What is the tens digit of z?
3
Let d = -974 + 966. What is the tens digit of (-56)/d - 12 - -1348?
4
Let q = 954 + 1628. What is the units digit of q?
2
Suppose -4*w + 5*o = -44 - 61, w + 3*o = 22. Suppose 20*v + 4880 = w*v. Suppose -6*u + v = 70. What is the tens digit of u?
5
Let d = 15509 + 19314. What is the thousands digit of d?
4
Suppose -12936 = -2*t - 5*n, 4*t + t + 5*n = 32340. Suppose -4*s = -3*a - 0*a - t, -3*a = 2*s - 3252. What is the thousands digit of s?
1
What is the thousands digit of (-21)/(-35) + 7 + 1366884/60?
2
Let a be (3 - 6)/1*1. Suppose -8*u = -6 - 26. What is the tens digit of u/((30/(-295))/a)?
1
What is the ten thousands digit of 41/((-410)/60) + 12611?
1
Suppose -3 = 2*y - 9. Let h be 47/y*(-60)/(-10). Suppose -704 - h = -7*z. What is the tens digit of z?
1
Suppose 2*p = q + 5, 23 = 4*q + 3. Suppose 0 = -0*j + p*j + 2*d + 1475, -2*j - 590 = d. Let l = j + 424. What is the hundreds digit of l?
1
Let z(w) = -w**3 + 6*w**2 + 18*w - 19. Suppose -12 = 4*m - 4, -3*k = -m - 26. Let j be z(k). What is the tens digit of (-5 - j)/((-2)/106)?
0
Let v(o) = 127*o**2 - 39*o - 956. What is the tens digit of v(-13)?
1
What is the units digit of 28708 - -428 - 22/2?
5
Let q be 20 + -20 + 65*4. Suppose -q*j = -275*j + 855. What is the units digit of j?
7
Suppose 0*s = -4*s + 2*g + 14, 5*g - 10 = s. Suppose -3*i = -s*m + 84, 0*i = -4*m + i + 70. Suppose -21 = -21*t + m*t. What is the units digit of t?
7
Suppose 5*k + 5*g = 95, k = -3*g - 20 + 47. Suppose -23*a + 14704 = -k*a. What is the tens digit of a?
3
Let g(r) = r**3 - 11*r**2 - 2*r - 4. Let h = -22 + 34. Let p be g(h). Suppose -268 = -8*i + p. What is the tens digit of i?
4
Let b be (-22)/(-77) - 103/(-7). Suppose b*v + 1737 = 24*v. What is the tens digit of v?
9
Let f(r) = -13*r**3 + 4*r**2 + 2*r - 2. Let m be f(-3). Let c = m + -